f -o**3/3 + 3*o**2/2 - o - 27. Give y(d).
1
Let r be 3/((-1)/(6/(-9))). Let v(n) = 0*n**2 + n + 1 + n - 4*n**r. Suppose 0*u + u = -1. What is v(u)?
-5
Suppose 4*h = 11 + 1. Suppose -h*s - 2*s - 5 = 0. Let x(p) = -p**2 + p + 1. What is x(s)?
-1
Let l(j) be the first derivative of j**6/120 + j**5/60 - j**4/24 + 2*j**3/3 + 3*j**2/2 + 2. Let d(i) be the second derivative of l(i). Determine d(0).
4
Let j be (-2)/(-7) - 52/672. Let c(x) be the third derivative of 2*x**2 + 0 + 0*x - j*x**4 - 1/3*x**3 + 1/60*x**5. Calculate c(3).
-8
Let b = 0 + 2. Suppose -b - 4 = 3*r. Let a be 3*r/(-6)*-3. Let w(m) = -m**3 - 2*m**2 + 3*m - 4. What is w(a)?
-4
Suppose -4*a + 0*n = -3*n - 23, -a + 3*n + 8 = 0. Let z(b) = 2*b**2 + 4*b + 7. Let i(v) = -v - 1. Let x(d) = a*i(d) + z(d). Give x(2).
8
Let l = 6 - 7. Let i be l/2 + (-4)/(-8). Let g(b) = -3*b. Let n(h) = h - 1. Let t(r) = g(r) + 4*n(r). Calculate t(i).
-4
Let x(r) = -r**3 - 2 + 5*r**2 + 0 - 42*r + 44*r. Calculate x(4).
22
Let s(n) = -n**2 - 6*n + 1. Let h be s(-7). Let m be 2*1 - (h + 4). Let r(v) = 2*v**2 + 4*v + 5. Let o(a) = -a**2 - 1. Let u(f) = -3*o(f) - r(f). Give u(m).
-2
Let r = 36 + -42. Let j(m) = 4 + m + 4 - 1. What is j(r)?
1
Let a(y) = y**2 - 9*y - 9. Let w be a(10). Let q(u) = -4*u**3 - u + 1. Calculate q(w).
-4
Let v be 0/(-3)*4/16. Suppose 0 = -p - 2*p - l + 2, v = 4*l - 20. Let h(s) = 10*s**3 - s - 1. What is h(p)?
-10
Let p(d) = d**3 - 9*d**2 + 8*d + 1. Let j be p(8). Let c(w) = -13*w**2. Let l(y) = -y**2. Let b(q) = -c(q) + 2*l(q). Determine b(j).
11
Let k(j) = -j**2 - 5*j + 11. Suppose -3*q + 2*q - 4*n = 28, -21 = 2*q + n. Calculate k(q).
-13
Let a(t) = -2*t**3 - 10*t**2 + 10*t - 16. Let h(j) = j**3 + 5*j**2 - 5*j + 8. Let c(g) = -6*a(g) - 13*h(g). Give c(-6).
-2
Let o be 5*(13 - 3)/2. Let i = 21 - o. Let b(k) be the second derivative of k**3/6 - k. Determine b(i).
-4
Let y(p) = 16*p**2 + 4*p + 3 - 8 - 23*p**2 + p**3. Give y(6).
-17
Let l(w) = 3*w - 7. Let q(r) = -9*r + 21. Let c(i) = 7*l(i) + 2*q(i). Give c(7).
14
Let f(r) = -2*r - 18*r**2 - 1 + 2*r + 11*r**2. Calculate f(1).
-8
Let x(s) = -s - 1. Let c be x(-1). Suppose -u + 0*i - 13 = 5*i, -4*u - 5*i - 7 = c. Let r(t) = -2*t + t**3 - 1 - 3*t**2 - 6*t**3 + t**u. Calculate r(-1).
4
Let z(u) = 3*u - 8. Let w(t) = -8*t + 24. Let f(k) = -4*w(k) - 11*z(k). Give f(-7).
-1
Let j(r) = -1 + r - r**2 - 4 + 0*r - r**3 + 6. Calculate j(0).
1
Let r(t) = 4 - 4 + 3*t**2 - t. Let x be r(1). Let p(l) be the first derivative of -l**4/4 + l**3 + 3*l**2/2 - 2*l + 3. What is p(x)?
8
Let a(o) be the second derivative of -o**5/120 - o**4/2 - o**3/2 + 4*o. Let r(m) be the second derivative of a(m). Determine r(-5).
-7
Let s be 2/(-5) + (-96)/(-15). Let t(x) be the third derivative of x**4/24 - x**3/2 + 12*x**2. Give t(s).
3
Let r(j) = j**2 + 7*j + 8. Let t be r(-6). Let m(p) = 5*p - 2. Give m(t).
8
Let k(o) = 3 + o - 4*o + 2*o. Suppose -18 = 3*g - 2*n, 2*n = -3*g + 1 - 7. Give k(g).
7
Let p(d) = d**3 + d**2 - d. Let j = 9 + -6. Suppose 2*f - 5*z = -25, 5*f + 3*z - 12 = j. Suppose f = -4*t - t. What is p(t)?
0
Let l(s) = s**3 + 6*s**2 + 2*s - 5. Suppose -3*c + 6*c - 15 = 0. Let v be 2/((-1)/22*-2). Suppose v = -c*x - 3. What is l(x)?
10
Let r(h) = -3 + h + 1 + 2*h**2 + h. Suppose 5*x - x + 2*n + 76 = 0, x + 29 = -3*n. Let y = x - -14. What is r(y)?
10
Let q(g) = 3*g + 1. Let l be q(-1). Let m(u) = u. Give m(l).
-2
Let f(k) = k**2 - 8*k - 4. Suppose -r + 5*b = -28, 4*r - 8 = -2*b + 16. Calculate f(r).
-4
Suppose -3*j = -j + 10. Let n(x) be the third derivative of x**7/5040 - x**6/360 - x**5/60 - x**2. Let y(f) be the third derivative of n(f). Calculate y(j).
-7
Let y(x) be the second derivative of -x**5/20 - 5*x**4/6 - 11*x**3/6 - 7*x**2/2 + 26*x. Give y(-9).
11
Let p(m) = -3*m + 20. Let z(x) = -2*x + 13. Suppose 3*u - 6 = 0, w = -2*u + 9 + 3. Let j(f) = w*z(f) - 5*p(f). What is j(0)?
4
Let u(p) be the second derivative of -3*p**2 - p - 1/6*p**3 + 0. Give u(-5).
-1
Let m(w) = -w**2 - 5*w. Let l(j) = 0 - 5 + 4 - j. Let g(t) = 2*l(t) - m(t). Calculate g(-4).
2
Let m be (-204)/28 - (-12)/42. Let z(k) = -k - 8. Determine z(m).
-1
Suppose 0 = -j + 9*j - 40. Let k(r) be the third derivative of -r**7/5040 + r**6/720 + r**5/30 - r**2. Let n(p) be the third derivative of k(p). Determine n(j).
-4
Let p(a) = -6*a**3 + 8*a**2 - 2*a - 1. Let o(w) = w**3 - w**2. Let z(i) = 5*o(i) + p(i). Determine z(2).
-1
Let z(p) = 2*p - 1. Let d be 1 + (0 - 3)*-1. Determine z(d).
7
Let s(b) = 21*b - 30*b + 10*b - b**3 - 1. Calculate s(2).
-7
Let h(f) = 4*f**3 + 1. Suppose 10 = -3*y - 2*y + 2*u, 2*y - 3*u = -15. Let s = y - -1. Calculate h(s).
5
Let m(s) be the third derivative of -s**5/120 - s**4/8 + s**3/2 - s**2. Let j(u) be the first derivative of m(u). Calculate j(-3).
0
Let w(f) be the first derivative of -f**3/6 + f**2/2 - 4*f - 4. Let t(l) be the first derivative of w(l). Give t(-5).
6
Let n = 5 + -11. Let d(o) = -8 - 4*o + 1 + 2*o. Calculate d(n).
5
Let p(r) = 7*r - 4. Let y(h) = -8*h + 5. Let z(o) = 6*p(o) + 5*y(o). Suppose f - 5*f + 2 = 3*k, -2*f - 6 = 5*k. Suppose f*t - 4 = -2*t. What is z(t)?
3
Suppose -2*i = i - 9. Suppose 4*k = i*y + 19, -3*y - 11 = -0*y + 4*k. Let d(g) = -g - 3. Determine d(y).
2
Let p(s) be the second derivative of s**4/12 + s**3/6 - 7*s**2/2 + 4*s. What is p(0)?
-7
Let l(g) be the third derivative of -g**5/60 + 7*g**4/24 - g**3/6 - g**2 - g. Determine l(6).
5
Let z be (-4)/10 - 8/(-20). Suppose z*o = -5*o. Let n(h) = -h**3 - h + 4. Determine n(o).
4
Suppose 0 = -4*p + 5*o - 70, -p - 2*o - 6 - 5 = 0. Let a = p - -11. Let b be (0 + 1/2)*a. Let v(g) = g**3 + 2*g**2 + g. What is v(b)?
-2
Let l(m) = -m - 1. Let f(j) = 6*j - 6. Let h(s) = f(s) - 5*l(s). Calculate h(2).
21
Let n = 3 + -6. Suppose 3*w = 4*w + 4*l + 1, 9 = 2*w - 3*l. Let z(a) = 2 + a - 2 + 4 - w. Determine z(n).
-2
Let p(s) = 5*s - 17. Let n be p(3). Let z(r) = -r**2 - 2*r - 3. Determine z(n).
-3
Let a(h) be the first derivative of h**4/4 - h**2/2 - 15. Let o(w) = w**3 - 4*w**2 - 4*w - 3. Let q be o(5). Give a(q).
6
Let y(t) = 5*t + 3. Let s(n) = 6*n + 4. Let d(x) = 2*s(x) - 3*y(x). Give d(2).
-7
Let i(f) = f + 10. Let p be i(-9). Let u be ((-4)/4)/(p/2). Let w(o) = -2*o - 2. Calculate w(u).
2
Suppose -5*k - 23 = -3*w, 5*w + 2 = -5*k + 27. Suppose 0*a = -5*a + 10. Let j(z) = -2*z**2 - z**2 + 6*z + 2*z**a + 2 + 0. Determine j(w).
2
Let t(s) be the second derivative of 7*s**5/20 + 3*s**2/2 + 2*s. Suppose 0 = -v + 3. Let d(c) = -7*c**3 - 4. Let z(n) = v*d(n) + 4*t(n). Calculate z(-1).
-7
Let l(d) be the third derivative of -d**6/120 + 5*d**2. Calculate l(-1).
1
Let v be (-1)/((-1)/3 - 0). Let a(q) = -1 - q**2 - 4*q + 3*q - q**v + 2*q. Let l = 113 + -112. What is a(l)?
-2
Let o(a) be the second derivative of 7*a**5/10 + a**4/12 + 42*a. What is o(-1)?
-13
Let z(c) = 2*c**2 + 2*c - 2. Let t(x) = 5*x**2 + 6*x - 5. Let o(m) = 3*t(m) - 8*z(m). What is o(3)?
-2
Suppose 2*p + 0 = 4. Let x(v) = 3 - v**3 + 2*v**2 + 3*v**p + 0 - 2*v + v. Suppose -5*z + 4*u = -17, 3*z + 0*z + 2*u - 19 = 0. Determine x(z).
-2
Let h(f) = -f**3 + 5*f**2 - 9*f + 7. Let g(o) = -o**3 + 4*o**2 - 8*o + 6. Let d(q) = -7*g(q) + 6*h(q). Determine d(-2).
-4
Suppose -2*r - 35 = -5*f - 9, -3*f + 4*r = -10. Let b(y) = 7*y**2 + 5*y - 8. Let u(i) = 20*i**2 + 15*i - 23. Let d(x) = f*u(x) - 17*b(x). Give d(-6).
4
Let i(h) = -2*h**2 + 10*h + 5. Let n(o) = 4*o**2 - 19*o - 9. Let k(t) = -5*i(t) - 3*n(t). Calculate k(5).
-13
Let z(l) = 5*l - 3. Let q(s) = 2*s - 1. Let b(i) = 7*q(i) - 3*z(i). Let t(r) = r. Let w(c) = c - 1. Let f(k) = -3*t(k) + w(k). Let v be f(2). What is b(v)?
7
Let l(s) be the first derivative of s**3/3 + 4*s**2 + 5*s - 29. What is l(-5)?
-10
Let y(f) = 9*f - 1. Suppose -5*b = 3*t - 1, 0 = -5*b - t - 0*t + 7. Calculate y(b).
17
Let n(m) = m**2 - 3*m - 4. Suppose -3*f - 2*g + 1 = -4*f, g - 17 = -5*f. Calculate n(f).
-4
Let v(c) = c**2 + 2*c - 5. Suppose -3*z - 6 + 0 = 0. Let b = z + -2. Calculate v(b).
3
Let a(n) be the third derivative of 1/6*n**4 - 1/120*n**6 + 1/2*n**3 - 5*n**2 + 0*n + 0 - 1/60*n**5. Determine a(-2).
-1
Let s = -4 - -8. Suppose -4*h - 8 = -3*f, 4*f + 0*h = 2*h + 14. Let a(d) = d - f + s. Give a(3).
3
Let o(n) = 14*n + 6. Let l(p) = 27*p + 11. Let i(c) = -3*l(c) + 5*o(c). Determine i(-2).
19
Let y(v) = -v**2 - 6*